51
What is the remainder when 297799 is divided by 1752?
1711
What is the remainder when 35856 is divided by 1244?
1024
What is the remainder when 35572 is divided by 1547?
1538
What is the remainder when 60910 is divided by 77?
3
What is the remainder when 1096882 is divided by 101?
22
What is the remainder when 2759128 is divided by 25547?
52
Calculate the remainder when 365940 is divided by 828.
792
What is the remainder when 838610 is divided by 264?
146
What is the remainder when 475315 is divided by 18279?
61
What is the remainder when 568519 is divided by 2560?
199
Calculate the remainder when 924866 is divided by 2598.
2576
Calculate the remainder when 4248671 is divided by 1798.
1795
What is the remainder when 96932488 is divided by 2749?
2748
Calculate the remainder when 51452968 is divided by 1684.
32
What is the remainder when 76181901 is divided by 7572?
9
What is the remainder when 24285 is divided by 1958?
789
What is the remainder when 209345 is divided by 1092?
773
Calculate the remainder when 176386 is divided by 35265.
61
What is the remainder when 11232581 is divided by 36351?
122
Calculate the remainder when 9610322 is divided by 436832.
18
Calculate the remainder when 39243244 is divided by 39243226.
18
What is the remainder when 50081707 is divided by 70?
67
What is the remainder when 105415 is divided by 371?
51
What is the remainder when 583290 is divided by 15349?
28
What is the remainder when 189946 is divided by 7597?
21
Calculate the remainder when 5204376 is divided by 85.
81
What is the remainder when 601123 is divided by 185?
58
What is the remainder when 11649714 is divided by 5339?
16
What is the remainder when 587708 is divided by 81?
53
Calculate the remainder when 4859024 is divided by 651.
611
Calculate the remainder when 6204929 is divided by 13.
3
Calculate the remainder when 72733598 is divided by 447.
440
Calculate the remainder when 51173631 is divided by 6007.
6005
Calculate the remainder when 8967163 is divided by 1281019.
30
Calculate the remainder when 2366683 is divided by 150.
133
Calculate the remainder when 5689416 is divided by 1339.
5
What is the remainder when 3214323 is divided by 17?
14
What is the remainder when 153632817 is divided by 167?
165
What is the remainder when 554365 is divided by 6243?
4981
What is the remainder when 393486 is divided by 11511?
2112
What is the remainder when 1428094 is divided by 1326?
1318
Calculate the remainder when 5754411 is divided by 719300.
11
What is the remainder when 7653008 is divided by 43?
40
Calculate the remainder when 91211989 is divided by 7382.
7379
Calculate the remainder when 58714999 is divided by 625.
624
Calculate the remainder when 21434239 is divided by 5358553.
27
What is the remainder when 246776429 is divided by 15438?
15437
Calculate the remainder when 11331588 is divided by 157383.
12
What is the remainder when 961386 is divided by 60086?
10
Calculate the remainder when 128655183 is divided by 49.
48
What is the remainder when 5649343 is divided by 15649?
54
What is the remainder when 674331 is divided by 167827?
3023
Calculate the remainder when 3484831 is divided by 10560.
31
What is the remainder when 11566287 is divided by 1589?
1545
What is the remainder when 56199441 is divided by 255?
246
What is the remainder when 9960 is divided by 657?
105
Calculate the remainder when 17981729 is divided by 33361.
150
What is the remainder when 174863 is divided by 966?
17
What is the remainder when 172509 is divided by 57501?
6
Calculate the remainder when 86327602 is divided by 554.
552
What is the remainder when 53823209 is divided by 157?
155
Calculate the remainder when 23218 is divided by 1325.
693
Calculate the remainder when 11825802 is divided by 1628.
10
What is the remainder when 311715210 is divided by 31171521?
0
What is the remainder when 41108526 is divided by 1228?
1226
Calculate the remainder when 25488646 is divided by 411107.
12
What is the remainder when 43065 is divided by 10764?
9
Calculate the remainder when 5114169 is divided by 269166.
15
Calculate the remainder when 517323 is divided by 23505.
213
What is the remainder when 6923969 is divided by 1731?
1700
Calculate the remainder when 3581013 is divided by 490.
93
What is the remainder when 6890909 is divided by 17?
10
What is the remainder when 38327 is divided by 18929?
469
What is the remainder when 12179122 is divided by 48?
34
Calculate the remainder when 64957 is divided by 1015.
1012
What is the remainder when 324261 is divided by 104636?
10353
Calculate the remainder when 66139 is divided by 33.
7
Calculate the remainder when 25035 is divided by 631.
426
Calculate the remainder when 90007 is divided by 6911.
164
Calculate the remainder when 511388 is divided by 169836.
1880
What is the remainder when 275529 is divided by 1983?
1875
What is the remainder when 61400 is divided by 5534?
526
What is the remainder when 3431862 is divided by 900?
162
Calculate the remainder when 790348 is divided by 1335.
28
Calculate the remainder when 1297193 is divided by 432247.
452
Calculate the remainder when 331289 is divided by 1320.
1289
Calculate the remainder when 14866316 is divided by 81683.
10
Calculate the remainder when 7476319 is divided by 60.
19
What is the remainder when 7653143 is divided by 10659?
10640
What is the remainder when 1934875 is divided by 2858?
9
What is the remainder when 916047 is divided by 505?
482
What is the remainder when 5875519 is divided by 344?
343
What is the remainder when 4539030 is divided by 4104?
6
Calculate the remainder when 438105 is divided by 1493.
656
Calculate the remainder when 13622307 is divided by 15712.
3
What is the remainder when 178133 is divided by 1000?
133
Calculate the remainder when 111994 is divided by 15896.
722
Calculate the remainder when 9569403 is divided by 652.
651
What is the remainder when 112093113 is divided by 80?
73
What is the remainder when 125032740 is divided by 77?
63
Calculate the remainder when 186164 is divided by 109.
101
Calculate the remainder when 156197 is divided by 31239.
2
Calculate the remainder when 3213191 is divided by 206.
3
Calculate the remainder when 2880321 is divided by 7008.
33
What is the remainder when 452898 is divided by 75?
48
Calculate the remainder when 1823323 is divided by 640.
603
What is the remainder when 45131319 is divided by 1088?
1079
Calculate the remainder when 3758856 is divided by 1879419.
18
Calculate the remainder when 8230782 is divided by 1140.
1122
What is the remainder when 3318969 is divided by 320?
249
Calculate the remainder when 835646 is divided by 1948.
1902
Calculate the remainder when 264763 is divided by 379.
221
Calculate the remainder when 196840 is divided by 27672.
3136
What is the remainder when 33608487 is divided by 1320?
1287
What is the remainder when 135599 is divided by 264?
167
Calculate the remainder when 1013620 is divided by 17.
12
What is the remainder when 62247 is divided by 447?
114
Calculate the remainder when 21002695 is divided by 51.
28
What is the remainder when 1349516 is divided by 33737?
36
What is the remainder when 7600724 is divided by 152?
116
What is the remainder when 722726 is divided by 131?
130
Calculate the remainder when 263652 is divided by 37306.
2510
Calculate the remainder when 21780805 is divided by 548.
545
Calculate the remainder when 5487 is divided by 1073.
122
What is the remainder when 2255522 is divided by 63?
59
Calculate the remainder when 89738 is divided by 14954.
14
Calculate the remainder when 15754125 is divided by 7877059.
7
What is the remainder when 1228955 is divided by 640?
155
Calculate the remainder when 82071 is divided by 1898.
457
Calculate the remainder when 521232 is divided by 134.
106
What is the remainder when 157059 is divided by 78486?
87
Calculate the remainder when 1432153 is divided by 1432146.
7
What is the remainder when 6017 is divided by 469?
389
What is the remainder when 182913802 is divided by 557?
15
What is the remainder when 132851217 is divided by 13?
5
What is the remainder when 13036579 is divided by 3259140?
19
Calculate the remainder when 36396163 is divided by 18198042.
79
Calculate the remainder when 29974080 is divided by 189.
3
W